{"id":956,"date":"2020-11-10T14:40:15","date_gmt":"2020-11-10T14:40:15","guid":{"rendered":"https:\/\/qantumthemes.xyz\/kentha\/demo11\/page-with-fullscreen-header\/"},"modified":"2025-06-11T20:11:08","modified_gmt":"2025-06-11T18:11:08","slug":"invitation","status":"publish","type":"page","link":"https:\/\/www.musicchallenge.top\/index.php\/invitation\/","title":{"rendered":"Pozv\u00e1nka na rozhovor do podcastu"},"content":{"rendered":"<h4 style=\"text-align: center;\"><span style=\"color: #ff0000;\"><strong>Pozv\u00e1nka na rozhovor do podcastu pre za\u010d\u00ednaj\u00face rock &#8211; metalov\u00e9 kapely<\/strong><\/span><\/h4>\n<p>Sme nad\u0161en\u00ed, \u017ee v\u00e1s m\u00f4\u017eeme oslovi\u0165 s ponukou na rozhovor v na\u0161om podcaste Music Challenge, ktor\u00fd sa \u0161pecializuje na podporu za\u010d\u00ednaj\u00facich kapiel z rockovej a metalovej sc\u00e9ny. V r\u00e1mci n\u00e1\u0161ho podcastu prin\u00e1\u0161ame priestor pre talentovan\u00e9 hudobn\u00e9 zoskupenia, aby predstavili svoju tvorbu, podelili sa o svoje hudobn\u00e9 za\u010diatky, in\u0161pir\u00e1cie a pl\u00e1ny do bud\u00facnosti.<\/p>\n<p>Rozhovor bude prebieha\u0165 v na\u0161om \u0161t\u00fadiu, pri\u010dom bude trva\u0165 pribli\u017ene 1hod.<\/p>\n<p>Ak m\u00e1te z\u00e1ujem o \u00fa\u010das\u0165 alebo ak\u00e9ko\u013evek ot\u00e1zky, nev\u00e1hajte n\u00e1s kontaktova\u0165 na <a href=\"https:\/\/www.musicchallenge.top\/index.php\/contact\/\"><span style=\"color: #ff9900;\">info@musicchallenge.top <\/span><\/a>\u00a0Radi v\u00e1m poskytneme v\u0161etky potrebn\u00e9 inform\u00e1cie a dohodneme sa na term\u00edne, ktor\u00fd v\u00e1m bude vyhovova\u0165.<\/p>\n<p>Te\u0161\u00edme sa na va\u0161u odpove\u010f a na mo\u017enos\u0165 predstavi\u0165 va\u0161u hudobn\u00fa tvorbu na\u0161im posluch\u00e1\u010dom!<\/p>\n<p>S \u00factou,<br \/>\nMusic Challenge team<br \/>\nModerator Karlos G.<br \/>\nPodcast Music Challenge<\/p>\n<p><span style=\"color: #ff6600;\"><a style=\"color: #ff6600;\" href=\"https:\/\/www.musicchallenge.top\/index.php\/contact\/\">info@musicchalenge.top<\/a><\/span><span style=\"color: #ff6600;\">\u00a0 \u00a0 \u00a0 \u00a0 \u00a0 \u00a0 \u00a0 \u00a0 \u00a0 \u00a0 \u00a0 \u00a0 \u00a0 \u00a0 \u00a0 \u00a0 \u00a0 \u00a0 \u00a0 \u00a0 \u00a0<\/span><\/p>\n","protected":false},"excerpt":{"rendered":"<p>Pozv\u00e1nka na rozhovor do podcastu pre za\u010d\u00ednaj\u00face rock &#8211; metalov\u00e9 kapely Sme nad\u0161en\u00ed, \u017ee v\u00e1s m\u00f4\u017eeme oslovi\u0165 s ponukou na rozhovor v na\u0161om podcaste Music Challenge, ktor\u00fd sa \u0161pecializuje na podporu za\u010d\u00ednaj\u00facich kapiel z rockovej a metalovej sc\u00e9ny. V r\u00e1mci n\u00e1\u0161ho podcastu prin\u00e1\u0161ame priestor pre talentovan\u00e9 hudobn\u00e9 zoskupenia, aby predstavili [&hellip;]<\/p>\n","protected":false},"author":1,"featured_media":0,"parent":0,"menu_order":0,"comment_status":"closed","ping_status":"closed","template":"page-fullscreen-header.php","meta":{"footnotes":""},"class_list":["post-956","page","type-page","status-publish","hentry"],"ams_acf":[],"_links":{"self":[{"href":"https:\/\/www.musicchallenge.top\/index.php\/wp-json\/wp\/v2\/pages\/956","targetHints":{"allow":["GET"]}}],"collection":[{"href":"https:\/\/www.musicchallenge.top\/index.php\/wp-json\/wp\/v2\/pages"}],"about":[{"href":"https:\/\/www.musicchallenge.top\/index.php\/wp-json\/wp\/v2\/types\/page"}],"author":[{"embeddable":true,"href":"https:\/\/www.musicchallenge.top\/index.php\/wp-json\/wp\/v2\/users\/1"}],"replies":[{"embeddable":true,"href":"https:\/\/www.musicchallenge.top\/index.php\/wp-json\/wp\/v2\/comments?post=956"}],"version-history":[{"count":21,"href":"https:\/\/www.musicchallenge.top\/index.php\/wp-json\/wp\/v2\/pages\/956\/revisions"}],"predecessor-version":[{"id":1562,"href":"https:\/\/www.musicchallenge.top\/index.php\/wp-json\/wp\/v2\/pages\/956\/revisions\/1562"}],"wp:attachment":[{"href":"https:\/\/www.musicchallenge.top\/index.php\/wp-json\/wp\/v2\/media?parent=956"}],"curies":[{"name":"wp","href":"https:\/\/api.w.org\/{rel}","templated":true}]}}

Pozvánka na rozhovor do podcastu

<h4 style="text-align: center;"><span style="color: #ff0000;"><strong>Pozvánka na rozhovor do podcastu pre začínajúce rock &#8211; metalové kapely</strong></span></h4>
<p>Sme nadšení, že vás môžeme osloviť s ponukou na rozhovor v našom podcaste Music Challenge, ktorý sa špecializuje na podporu začínajúcich kapiel z rockovej a metalovej scény. V rámci nášho podcastu prinášame priestor pre talentované hudobné zoskupenia, aby predstavili svoju tvorbu, podelili sa o svoje hudobné začiatky, inšpirácie a plány do budúcnosti.</p>
<p>Rozhovor bude prebiehať v našom štúdiu, pričom bude trvať približne 1hod.</p>
<p>Ak máte záujem o účasť alebo akékoľvek otázky, neváhajte nás kontaktovať na <a href="https://www.musicchallenge.top/index.php/contact/"><span style="color: #ff9900;">info@musicchallenge.top </span></a> Radi vám poskytneme všetky potrebné informácie a dohodneme sa na termíne, ktorý vám bude vyhovovať.</p>
<p>Tešíme sa na vašu odpoveď a na možnosť predstaviť vašu hudobnú tvorbu našim poslucháčom!</p>
<p>S úctou,<br />
Music Challenge team<br />
Moderator Karlos G.<br />
Podcast Music Challenge</p>
<p><span style="color: #ff6600;"><a style="color: #ff6600;" href="https://www.musicchallenge.top/index.php/contact/">info@musicchalenge.top</a></span><span style="color: #ff6600;">                                         </span></p>

<p>Pozvánka na rozhovor do podcastu pre začínajúce rock &#8211; metalové kapely Sme nadšení, že vás môžeme osloviť s ponukou na rozhovor v našom podcaste Music Challenge, ktorý sa špecializuje na podporu začínajúcich kapiel z rockovej a metalovej scény. V rámci nášho podcastu prinášame priestor pre talentované hudobné zoskupenia, aby predstavili [&hellip;]</p>
